 w is divided by c(-4).
1
Let j = -53 - -68. Suppose -5*y + 66 = -9. Let z = y + -7. What is the remainder when j is divided by z?
7
Let o(m) = -m**3 - 9*m**2 - 6*m + 7. Let n be o(-8). Let p = n - -23. Let c(g) = 6*g**2 - 4*g - 1. What is the remainder when c(3) is divided by p?
13
Let i = 835 - 1386. Let x = 319 + i. What is the remainder when (x/(-16))/(2/4) is divided by 8?
5
Suppose 3*j - 15 = 21. Calculate the remainder when j is divided by 8.
4
Suppose 0 = 5*q + 4*u - 55, 0*u + u - 10 = -q. Suppose 5*x - 24 = 2*x. What is the remainder when q is divided by x?
7
Let i = 0 - -3. Calculate the remainder when 9 is divided by i.
0
Let l(y) be the third derivative of y**5/30 + y**4/24 + y**3/6 - y**2. Suppose -3*h - 3 + 9 = 0. What is the remainder when 32 is divided by l(h)?
10
Suppose q - 3*t = -18, -t + 15 = -5*q - 5. Let n(b) = b**2 - 2*b - 4. What is the remainder when 21 is divided by n(q)?
10
Let g(t) = t**2 - t + 4. Suppose -2*s - 2*j + 6 = 0, 3*s - 6 = -5*j - 3. What is the remainder when g(s) is divided by 9?
7
Suppose g = 2*b + 37, -3*g - b = 2*b - 66. Let l = g + -14. Suppose 4*c + 2*r - 129 = l, -3*c = -5*r - 87. What is the remainder when c is divided by 18?
16
Let f = 46 + -67. Let n = f + 35. Let a = -37 + 63. What is the remainder when a is divided by n?
12
Let m(g) = g**2 - 16*g + 17. Suppose 2*b - 2*l - 46 = 0, 31 = 3*b - b + l. Calculate the remainder when m(18) is divided by b.
17
Let c(h) = h**3 + 12*h**2 + 23. Calculate the remainder when 63 is divided by c(-12).
17
Let h(o) = 8*o - 16. What is the remainder when h(7) is divided by 14?
12
Let u be (-182)/4 - 7/14. Let f = u - -7. Let l = -24 - f. Calculate the remainder when l is divided by 4.
3
Suppose -17*t + 76 + 298 = 0. Calculate the remainder when (1/(-2))/((-2)/172) is divided by t.
21
Let j = -66 - -95. Calculate the remainder when 55 is divided by j.
26
Let y = 3 + -5. Let x be y/(-6) - (-28)/6. Let z(p) = p**2 - p - 1. Calculate the remainder when 56 is divided by z(x).
18
Let u = 36 - -11. Calculate the remainder when 137 is divided by u.
43
Let n(z) = -3*z. Let d(g) = -g. Let l(u) = -13*d(u) + 6*n(u). Calculate the remainder when 14 is divided by l(-1).
4
Let l(j) = 6*j**3 - 3*j**2 + 4*j - 2. What is the remainder when l(2) is divided by 15 + 1 + 1*-1?
12
Suppose z + 5*b + 0*b - 25 = 0, 2*z = 4*b - 6. Let c(k) = -k**2 + 2*k + 6. Let a be c(5). Calculate the remainder when 1*3*(-24)/a is divided by z.
3
Suppose -2*n + 6 + 4 = 0. Calculate the remainder when 19 is divided by n.
4
Let i(r) = r**2 - r. Suppose -5*z = a - 27, 0*a = -5*z + 2*a + 21. What is the remainder when i(-3) is divided by z?
2
Suppose 0 = -4*t - 4*d + 92, 4 = 3*t - d - 77. What is the remainder when t is divided by 7?
5
Suppose -2*i - i + 21 = 0. Suppose 0 = 3*a - 2 - i. Let t(g) = g + 13. Calculate the remainder when t(-6) is divided by a.
1
Let a(f) = f - 1. Let w be a(6). Suppose 2*i - 39 = -4*p + 21, -27 = -i - w*p. Calculate the remainder when i is divided by (-3)/2*(-44)/6.
10
Let d = 542 - 321. Calculate the remainder when d is divided by 16.
13
Suppose 2*n + 4*y = -y + 41, 32 = 2*n - 4*y. What is the remainder when n is divided by 5?
3
Suppose -2*q = -5*p - 4*q + 144, -4*q + 8 = 0. Calculate the remainder when 53 is divided by p.
25
What is the remainder when 35 is divided by 0 + (-3 + 1)*-2?
3
Let o = -73 - -94. Calculate the remainder when (-40)/((1 + -3)/2) is divided by o.
19
Suppose 3*c - 2*k - 1 = 0, 8 = 4*k - 8. What is the remainder when 9 is divided by c?
0
Suppose 0 = 3*f - 2*y - 271, -3*y = 12 + 3. Calculate the remainder when f is divided by 23.
18
Let w = -168 - -230. Suppose 5*f = 141 + 19. What is the remainder when w is divided by f?
30
Let y(k) = k**2 + 6*k - 2. Let f be y(-7). Suppose -f = -w + 28. Calculate the remainder when 64 is divided by w.
31
What is the remainder when ((-1)/(4/(-19)))/(2/24) is divided by 10?
7
Let x(i) = -2*i**3 - 2*i**2 + 2. Let v be x(-2). Suppose 2*u - 15 = -d, -3*d = -3*u - 2*u + v. Calculate the remainder when 13 is divided by d.
3
Let i(s) = -15*s - 33. Let f(a) = 6*a + 13. Let z(n) = 12*f(n) + 5*i(n). Calculate the remainder when 52 is divided by z(-9).
16
Suppose 3*v = 5*b + 46, 31 = 3*v - 4*b + 2*b. Calculate the remainder when 11 is divided by v.
4
Let i(z) be the first derivative of 5*z**2/2 - 5*z + 4. What is the remainder when i(4) is divided by 6?
3
Let u(t) = t**3 + 8*t**2 + 12*t + 4. What is the remainder when 17 is divided by u(-6)?
1
Let t be (6*-1)/(-2) + 1. Suppose -2*s = f + 4, f - t*s = -f + 16. Suppose -25 + f = -x. Calculate the remainder when 43 is divided by x.
20
Let c(r) = 18*r - 34. Calculate the remainder when 187 is divided by c(4).
35
Suppose -3*m + 752 = -5*k + 41, 3*k - 5*m = -433. Calculate the remainder when 14 is divided by k/(-18) - (-3)/18.
6
Let c be (20/(-8))/5*-6. Calculate the remainder when 28 is divided by 4*(c - 12/(-16)).
13
Let o(t) = 7*t**3 - 2*t**2 + t. What is the remainder when (-18)/15*40/(-3) is divided by o(1)?
4
Let q = -5 + 41. Suppose -2*k - 2*k = -q. Calculate the remainder when 14 is divided by k.
5
What is the remainder when 4 is divided by ((-18)/4 + 4)*-4?
0
Suppose 0*z = 2*h + 3*z - 44, z - 40 = -2*h. What is the remainder when 132 is divided by h?
18
What is the remainder when (-372)/(-20) - (-6)/15 is divided by 10?
9
Suppose -6*p + 11*p = 330. Calculate the remainder when p is divided by 17.
15
Suppose -h - 115 = -6*h. Calculate the remainder when h is divided by 13.
10
Let l = -6 - -13. Suppose v + 0*j = -4*j - 6, -8 = v + 5*j. Suppose 0 = n + 2*z + 2 - 7, 0 = v*z + 8. What is the remainder when n is divided by l?
6
Suppose 5*q - 27 = 2*q. Let z be -2 + 4 - (-4 - -1). Suppose 0 = -5*n + 4*c + 41, 3*c - 2*c - 21 = -z*n. Calculate the remainder when q is divided by n.
4
Let r(t) = -t**2 - 12*t + 6. Let i(n) = -4*n + 4. Let k be i(4). Suppose -3*u - 1 + 7 = 0, -3*b + 37 = 2*u. What is the remainder when b is divided by r(k)?
5
Let i(d) = d**3 + 7*d**2 + 10*d + 6. Let c be i(-6). Let v be -1*1 - (c - 5). Let p = -14 + v. What is the remainder when p is divided by 5?
3
Let o = 45 + -30. Calculate the remainder when 58/4*2/1 is divided by o.
14
Let n be 0 + 0 - 0/(-4). Suppose -2*v = 4*a - n*a - 16, 0 = -2*v. Suppose -2 = -3*s - 5*m - 4, -5*s + a*m = -46. What is the remainder when 10 is divided by s?
4
Suppose -17*t - 57 = -20*t. Calculate the remainder when 47 is divided by t.
9
Let o(j) = 11*j - 7. What is the remainder when 17 is divided by o(1)?
1
Suppose -2*j - 2 = -26. Calculate the remainder when 71 is divided by j.
11
Suppose 0 = -0*f - 3*f + 72. Calculate the remainder when 44 is divided by f.
20
Let q(b) = -2 + 2*b**2 - b**2 - 2*b - 2*b. Let d be q(5). Suppose -d*v + g = -62, -v - 5*g = -0*g + 6. What is the remainder when 36 is divided by v?
17
Let s(v) = -2*v + 4. Calculate the remainder when s(-2) is divided by 3.
2
Suppose -105*b + 30 = -102*b. Calculate the remainder when 37 is divided by b.
7
Let u be (12/1)/(-4)*-1. Suppose 0 = 2*j - 5*c + 15, 3*j - 25 = c - u*c. Calculate the remainder when 9 is divided by j.
4
Let o = -22 + 45. Let d = -26 - -38. Calculate the remainder when o is divided by d.
11
Let j(d) = 18*d - 2. What is the remainder when 30 is divided by j(1)?
14
Let y = 38 - 12. Suppose y = 4*v - 2. Let m = 5 + v. Calculate the remainder when 35 is divided by m.
11
Let l(t) = -t - 3. Let b be l(-5). Suppose -b*o = -4*h + 84, 9 = h - 5*o - 30. Calculate the remainder when 55 is divided by h.
17
Let q(s) = s**2 - 3*s + 3. Suppose -6 = 6*r - 78. What is the remainder when r is divided by q(4)?
5
Let u(s) = -s**3 - 24*s**2 - 23*s + 22. What is the remainder when u(-23) is divided by 9?
4
Suppose -9*n + 5*n = -8, 0 = u - 4*n - 183. Calculate the remainder when u is divided by 48.
47
Let h(d) = -d + 10. Let v = 9 + -4. What is the remainder when h(v) is divided by 2?
1
Suppose -5*k + 188 = 4*q + 9, 0 = -4*q - 3*k + 189. Calculate the remainder when q is divided by 13.
12
Let y be -2 + (1 - (-4)/(-2)). Let l = 5 - -11. Calculate the remainder when 48 + (y - -2) - 0 is divided by l.
15
Let z(g) = g**2 + 30*g - 20. Let f = 10 + 31. Suppose -5*t + f + 42 = 3*x, -2*x + 2*t + 66 = 0. Calculate the remainder when x is divided by z(-31).
9
Suppose 0 = -2*g - 0*